f 19 and a.
19
Suppose 2*b - 6881 = -4841. Calculate the highest common divisor of 180 and b.
60
Let c(s) = s**2 - 11*s - 104. Let t be c(18). Suppose 0 = 24*p - t*p - 336. Calculate the highest common factor of p and 63.
21
Let l(t) = -4*t**2 - 22*t + 31. Let m(k) = 3*k**2 + 21*k - 31. Let o(x) = 4*l(x) + 5*m(x). Let b be o(14). Calculate the greatest common factor of b and 297.
11
Let x(w) = -w**3 + 11*w**2 - 8*w - 19. Let t be x(10). Let r be 9/18*(0 - (-26)/t). Let s = -7 + r. Calculate the highest common divisor of 6 and s.
6
Let c be 10 + (-36)/6 - 4. Suppose 443*t - 444*t + 21 = c. What is the greatest common factor of t and 336?
21
Suppose 0 = -3*g + 4*x + 6501, -83*g + 6465 = -80*g + 2*x. Calculate the greatest common factor of g and 17.
17
Let j(o) = 159*o**2 - 8046*o - 18. Let t be j(51). What is the greatest common divisor of 180 and t?
45
Let a = 3 - 3. Let q be (-1 + 2)/(5/15) - -1. Suppose a*y + 324 = q*y. Calculate the greatest common divisor of 9 and y.
9
Let h(o) = o**3 - 6*o**2 - 58*o + 48. Let c be h(11). Let w = -34 + 52. What is the greatest common factor of c and w?
3
Let d = -552 + 776. What is the highest common factor of 64 and d?
32
Let g(n) = -11*n**2 + n**2 + 21*n**3 - 4*n**2 + 4*n - 16*n**3. Let z be g(3). Calculate the highest common factor of z and 33.
3
Let m(i) = -i**3 - 4*i**2 - i - 2. Let j be m(-4). Let b be (-3 - -2)/(j/4). Let u be (-8)/(((-1)/b)/(-1)). Calculate the greatest common divisor of u and 64.
16
Suppose 4506 - 1147 = 2*k + 5*n, 0 = 2*k + n - 3355. Calculate the highest common factor of 129 and k.
129
Let d = 8397 + -8354. What is the greatest common divisor of 19049 and d?
43
Let s(q) = -5*q + 39. Let i be s(12). Let h be (-14)/3*18/i. Suppose -5*r + 45 = -r - g, -4*g = 3*r - 48. Calculate the greatest common divisor of r and h.
4
Let j be ((-4)/(-6) + (-220)/60)/(-1). Suppose j = 4*o - 205. Suppose -n = -132 - 24. Calculate the greatest common factor of n and o.
52
Suppose 210*z = 214*z - 1536. Suppose z = 2*h + 2*h. What is the greatest common factor of h and 240?
48
Let n = -10742 + 10856. Calculate the highest common factor of 44802 and n.
114
Suppose -630 = -2053*z + 2048*z. What is the greatest common factor of 35 and z?
7
Let l be (-6)/(-18) + -4*37/(-6). Let s = 36 - l. What is the greatest common factor of 1 and s?
1
Let v(k) = 21*k**2 + 56*k - 200. Let i be v(4). What is the highest common divisor of 45 and i?
45
Suppose -3*a - 1375 = 24*b - 7282, -2*a = -4*b + 962. Suppose 2*m - 28 = -0*m. Calculate the greatest common factor of b and m.
7
Let n be 2*32 - (-30 + 38). What is the highest common factor of n and 104?
8
Let g = 46 - 4. Let u be 10 + ((-164)/42 - 4/g). What is the greatest common factor of u and 102?
6
Suppose 22*s + 20 = 24*s. Let q be (-4)/(-14) - (-366)/42. Let g(z) = 3*z - 7. Let j be g(q). What is the greatest common divisor of s and j?
10
Suppose 5*t - 3*w + 383 = 488, 0 = 5*w + 25. What is the highest common factor of 1269 and t?
9
Let k(s) = -s**3 + 20*s**2 + 22*s - 9. Let f = -133 + 154. Let n be k(f). What is the highest common factor of 44 and n?
4
Let j be ((-36)/32)/(6/(-32)). Let f be -2 - 24/(-6 - -2). Suppose -2*y - 5*s = -107, 3*y = -y + f*s + 284. Calculate the greatest common factor of y and j.
6
Let o(c) = -c**3 - 66*c**2 - 72*c - 341. Let m be o(-65). What is the highest common factor of 42 and m?
6
Suppose 5*q - 3*q - 163 = -5*m, 0 = -2*m - 2*q + 64. Suppose -55*i + m*i = -264. Calculate the highest common divisor of 300 and i.
12
Let d = 15 + -7. Suppose b + 12 = 4*m - 3*b, -d = -5*m - 2*b. Suppose m*w - 8*w = -48. What is the highest common divisor of 40 and w?
8
Let f(m) = m**2 + 74*m - 753. Let u be f(10). Calculate the highest common factor of u and 3.
3
Let o be -3 - (-1 - (783 + 8)). Suppose -37*x - o = -2047. Calculate the greatest common factor of 17 and x.
17
Suppose -17*a = -10*a - 833. Suppose -154 = -l - a. What is the greatest common divisor of l and 21?
7
Suppose -155*r + 166*r - 467 = -115. What is the highest common factor of 21056 and r?
32
Let c = 289 - 284. Suppose 3*a + 205 = c*p + 2*a, 0 = -5*p - 5*a + 235. Calculate the highest common divisor of 154 and p.
14
Suppose -42*h + 46*h = 2*f - 474, 2*h = -2*f + 498. What is the greatest common factor of 56 and f?
7
Let a = 12885 - 12709. What is the highest common factor of 160 and a?
16
Let o(s) = -3*s + 4. Let g be o(6). Let h be 16/(-56) - 88/g. Let j be 7 + (2/2 - 2). What is the greatest common factor of j and h?
6
Let h be ((-152)/7)/((-40)/140) - -2. What is the greatest common factor of h and 294?
6
Let c = 448 + -438. Let r be 2/1*(-174)/(-12). Suppose -r = -c*w + 31. What is the highest common divisor of w and 36?
6
Let n(c) = c**3 - c**2 - 8*c + 4. Let b be n(5). Let p(g) = -g**3 + 34*g**2 + 21*g - 666. Let s be p(34). What is the greatest common divisor of s and b?
16
Let j(b) = -2*b**2 - 61*b - 27. Let d be j(-30). Suppose -4*y + 4641 = d*y. What is the greatest common divisor of y and 78?
39
Let o(w) = w**2 - 6*w - 8. Let g be o(8). Let r be ((-5)/((-50)/g))/(2/55). Let v = -8 + r. What is the greatest common factor of 21 and v?
7
Let x(d) = -57*d + 1071. Let l be x(15). What is the highest common factor of 486 and l?
54
Let x(q) = 5*q**2 - 41*q + 26. Let f be x(12). Let r = 644 - f. What is the highest common divisor of 30 and r?
30
Let r be ((-2190)/70)/((-11)/77). Calculate the greatest common factor of 2336 and r.
73
Suppose 29 + 1111 = 76*h. Calculate the highest common divisor of 205 and h.
5
Suppose -37 + 41 = 4*g. Suppose -32 = -8*t + 6*t. Calculate the greatest common divisor of g and t.
1
Let b = 73 - 63. Suppose 293*g - 296*g = -120. What is the highest common factor of g and b?
10
Suppose -16*g + 1397 + 800 = -3*g. Calculate the highest common divisor of g and 182.
13
Let f be (4743/(-68))/(-31)*20. What is the greatest common divisor of 4 and f?
1
Let w(l) = -444*l + 3128. Let b be w(7). What is the highest common factor of 260 and b?
20
Let o = -717 + 765. What is the highest common divisor of o and 744?
24
Let y(c) = c**2 + c - 5. Let h be -4 + 0 - -7 - 2. Suppose -5*m + h = -19. Let w be y(m). What is the highest common factor of w and 6?
3
Let k = 18433 + -18357. Suppose 4 = -2*o + 3*o. Let d be 3/(-6) + 762/o. Calculate the highest common divisor of d and k.
38
Let y be (-1799)/(-105) + (-2)/15. Let q = 21 - y. Suppose 3*m = q*l - 126, 2*m = m - 2. What is the greatest common divisor of 20 and l?
10
Suppose 3*u = 4*u + 78. Suppose m + 62 = 4*k, -m - 233*k - 83 = -234*k. Let r = u - m. What is the greatest common factor of r and 96?
12
Suppose -29*z + 1054 + 338 = 0. Calculate the highest common divisor of z and 1488.
48
Suppose 0 = -2*m + 4*i - 1 + 35, -4*m - 9*i - 17 = 0. What is the highest common divisor of m and 56?
7
Let w(p) = -p**2 - 31*p - 40. Let o be w(-31). Let u be (o/5 - -7) + 25. Calculate the greatest common divisor of u and 168.
24
Suppose 11*m = 5*m - 168. Let k = m - -34. Calculate the greatest common divisor of 16 and k.
2
Suppose 5*z - 1115 = 1146 - 336. Calculate the highest common factor of 1375 and z.
55
Suppose -63*w - 25872 = -21*w. Let b = 812 + w. What is the highest common factor of 112 and b?
28
Let m(v) be the second derivative of v**5/10 - v**4/12 - v**3/3 + 5*v**2/2 + 2*v - 44. Let n be m(3). Calculate the highest common factor of 33 and n.
11
Let d be (1200/(-36))/((-8)/60). Calculate the highest common divisor of d and 60.
10
Suppose 3*c - 359 = 31. Suppose -3*g = h - c, h - 69 = -4*g + 104. Suppose 197 - g = w. Calculate the highest common factor of w and 22.
22
Let f = 2786 + -1218. Let b = 2729 - f. What is the greatest common divisor of 27 and b?
27
Suppose 29*k + 29 = 435. What is the highest common factor of 20 and k?
2
Suppose 171*t - 160 = 167*t. Let d be (-910)/(-16) - 4/(8 - t). What is the highest common divisor of 57 and d?
57
Let s be (130/195)/((-1)/(-45)). Let w be (34 - s)/((-1)/(-136)). What is the highest common factor of w and 17?
17
Let l(c) = 8*c - 66. Let k(o) = -14*o + 134. Let n(h) = -3*k(h) - 5*l(h). Let b be n(41). Calculate the highest common factor of b and 610.
10
Let p = 17294 + -9812. Calculate the highest common factor of 1290 and p.
258
Let g(j) = 170*j - 4918. Let l be g(29). What